{"id":6710,"date":"2020-04-04T13:54:21","date_gmt":"2020-04-04T12:54:21","guid":{"rendered":"http:\/\/localhost:8080\/cfpml\/?page_id=6710"},"modified":"2022-03-22T12:17:20","modified_gmt":"2022-03-22T11:17:20","slug":"programmation-web-e-marketing","status":"publish","type":"page","link":"https:\/\/www.cfpml-benin.com\/?page_id=6710","title":{"rendered":"Programmation Web &#038; E-Marketing"},"content":{"rendered":"<p>[vc_row css_animation=\u00a0\u00bbfadeIn\u00a0\u00bb css=\u00a0\u00bb.vc_custom_1585846575546{padding-top: 30px !important;}\u00a0\u00bb][vc_column][vc_column_text]CFPML propose cette fili\u00e8re \u00ab Webmaster, Webdesigner, Infographie &amp; Multim\u00e9dia \u00bb pour r\u00e9pondre aux besoins croissants du march\u00e9 de l\u2019emploi dans le domaine de la communication num\u00e9rique des m\u00e9dias (texte, son, image, vid\u00e9o) par des interfaces graphiques interactives.<\/p>\n<p>Cela est rendu possible gr\u00e2ce aux avanc\u00e9s technologiques dans TIC, notamment la puissance des ordinateurs et serveurs, des supports de transmission, des logiciels de traitement et de publication, la diversit\u00e9 des terminaux mobiles (Smartphone, Tablette, TV connect\u00e9e) et l\u2019audience mondiale de l\u2019internet (acc\u00e8s direct \u00e0 des milliards d\u2019auditeurs en temps r\u00e9el).<\/p>\n<p>De ce fait, pour assurer leur visibilit\u00e9 et leur commerce, les organisations et personnes ont besoin des m\u00e9tiers suivants : Webmaster, Infographiste, webdesigner, Graphiste, D\u00e9veloppeur web. Ce qui place les dipl\u00f4mes de cette fili\u00e8re au centre de l\u2019activit\u00e9 \u00e9conomique et favorise une bonne employabilit\u00e9[\/vc_column_text][vc_row_inner][vc_column_inner width=\u00a0\u00bb1\/2&Prime;]<div class=\"thim-widget-icon-box\"><div class=\"wrapper-box-icon has_custom_image text-center  \"  ><div class=\"smicon-box iconbox-top\"><div class=\"boxes-icon\" ><a class=\"icon-box-link\" target=\"_self\" href=\"#\" ><span class=\"inner-icon\"><span class=\"icon icon-images\"><img loading=\"lazy\" decoding=\"async\" src=\"https:\/\/www.cfpml-benin.com\/wp-content\/uploads\/2020\/04\/images-2.png\" alt=\"images-2\" title=\"images-2\"  width=\"268\" height=\"188\"><\/span><\/span><\/a><\/div><div class=\"content-inner\" ><div class=\"sc-heading article_heading\"><h3 class = \"heading__primary\" ><a class=\"icon-box-link\" target=\"_self\" href=\"#\" >Marketing et Vente en Ligne MVL<\/a><\/h3><\/div><div class=\"desc-icon-box\"><div class=\"desc-content\" ><a class=\"icon-box-link\" target=\"_self\" href=\"#\" >Marketing digital, R\u00e9seau social, E-commerce, Gestion d\u2019entreprise, Informatique<\/a><\/div><\/div><\/div><\/div><!--end smicon-box--><\/div><\/div>[vc_btn title=\u00a0\u00bb200 000 Fcfa\u00a0\u00bb color=\u00a0\u00bbprimary\u00a0\u00bb size=\u00a0\u00bblg\u00a0\u00bb align=\u00a0\u00bbcenter\u00a0\u00bb button_block=\u00a0\u00bbtrue\u00a0\u00bb][\/vc_column_inner][vc_column_inner width=\u00a0\u00bb1\/2&Prime;]<div class=\"thim-widget-icon-box\"><div class=\"wrapper-box-icon has_custom_image text-center  \"  ><div class=\"smicon-box iconbox-top\"><div class=\"boxes-icon\" ><a class=\"icon-box-link\" target=\"_self\" href=\"#\" ><span class=\"inner-icon\"><span class=\"icon icon-images\"><img loading=\"lazy\" decoding=\"async\" src=\"https:\/\/www.cfpml-benin.com\/wp-content\/uploads\/2020\/04\/images-8.jpg\" alt=\"images-8\" title=\"images-8\"  width=\"255\" height=\"198\"><\/span><\/span><\/a><\/div><div class=\"content-inner\" ><div class=\"sc-heading article_heading\"><h3 class = \"heading__primary\" ><a class=\"icon-box-link\" target=\"_self\" href=\"#\" >G\u00e9nie en Logiciel et R\u00e9seau Informatique GLR<\/a><\/h3><\/div><div class=\"desc-icon-box\"><div class=\"desc-content\" ><a class=\"icon-box-link\" target=\"_self\" href=\"#\" >Cr\u00e9ation de site Web, Programmation Web, Administration R\u00e9seau, Cam\u00e9ra Ip,Graphisme<\/a><\/div><\/div><\/div><\/div><!--end smicon-box--><\/div><\/div>[vc_btn title=\u00a0\u00bb300 000 Fcfa\u00a0\u00bb color=\u00a0\u00bbprimary\u00a0\u00bb size=\u00a0\u00bblg\u00a0\u00bb align=\u00a0\u00bbcenter\u00a0\u00bb button_block=\u00a0\u00bbtrue\u00a0\u00bb][\/vc_column_inner][\/vc_row_inner][\/vc_column][\/vc_row]<\/p>\n","protected":false},"excerpt":{"rendered":"<p>[vc_row css_animation=\u00a0\u00bbfadeIn\u00a0\u00bb css=\u00a0\u00bb.vc_custom_1585846575546{padding-top: 30px !important;}\u00a0\u00bb][vc_column][vc_column_text]CFPML propose cette fili\u00e8re \u00ab Webmaster, Webdesigner, Infographie &amp; Multim\u00e9dia \u00bb pour r\u00e9pondre aux besoins croissants du march\u00e9 de l\u2019emploi dans le domaine de la communication num\u00e9rique des m\u00e9dias (texte, son, image, vid\u00e9o) par des interfaces &hellip; <\/p>\n","protected":false},"author":1,"featured_media":6661,"parent":0,"menu_order":0,"comment_status":"closed","ping_status":"closed","template":"","meta":{"_bbp_topic_count":0,"_bbp_reply_count":0,"_bbp_total_topic_count":0,"_bbp_total_reply_count":0,"_bbp_voice_count":0,"_bbp_anonymous_reply_count":0,"_bbp_topic_count_hidden":0,"_bbp_reply_count_hidden":0,"_bbp_forum_subforum_count":0,"footnotes":""},"class_list":["post-6710","page","type-page","status-publish","has-post-thumbnail","hentry"],"aioseo_notices":[],"_links":{"self":[{"href":"https:\/\/www.cfpml-benin.com\/index.php?rest_route=\/wp\/v2\/pages\/6710","targetHints":{"allow":["GET"]}}],"collection":[{"href":"https:\/\/www.cfpml-benin.com\/index.php?rest_route=\/wp\/v2\/pages"}],"about":[{"href":"https:\/\/www.cfpml-benin.com\/index.php?rest_route=\/wp\/v2\/types\/page"}],"author":[{"embeddable":true,"href":"https:\/\/www.cfpml-benin.com\/index.php?rest_route=\/wp\/v2\/users\/1"}],"replies":[{"embeddable":true,"href":"https:\/\/www.cfpml-benin.com\/index.php?rest_route=%2Fwp%2Fv2%2Fcomments&post=6710"}],"version-history":[{"count":7,"href":"https:\/\/www.cfpml-benin.com\/index.php?rest_route=\/wp\/v2\/pages\/6710\/revisions"}],"predecessor-version":[{"id":6858,"href":"https:\/\/www.cfpml-benin.com\/index.php?rest_route=\/wp\/v2\/pages\/6710\/revisions\/6858"}],"wp:featuredmedia":[{"embeddable":true,"href":"https:\/\/www.cfpml-benin.com\/index.php?rest_route=\/wp\/v2\/media\/6661"}],"wp:attachment":[{"href":"https:\/\/www.cfpml-benin.com\/index.php?rest_route=%2Fwp%2Fv2%2Fmedia&parent=6710"}],"curies":[{"name":"wp","href":"https:\/\/api.w.org\/{rel}","templated":true}]}}