{"id":6712,"date":"2020-04-04T13:57:39","date_gmt":"2020-04-04T12:57:39","guid":{"rendered":"http:\/\/localhost:8080\/cfpml\/?page_id=6712"},"modified":"2022-03-22T12:12:47","modified_gmt":"2022-03-22T11:12:47","slug":"hotellerie-restauration-et-tourisme","status":"publish","type":"page","link":"https:\/\/www.cfpml-benin.com\/?page_id=6712","title":{"rendered":"H\u00f4tellerie Restauration et Tourisme"},"content":{"rendered":"<p>[vc_row css_animation=\u00a0\u00bbfadeIn\u00a0\u00bb css=\u00a0\u00bb.vc_custom_1585846575546{padding-top: 30px !important;}\u00a0\u00bb][vc_column][vc_column_text]Les formations d&rsquo;h\u00f4tellerie et restauration permettent de se pr\u00e9parer \u00e0 un ensemble de m\u00e9tiers dans les domaines tr\u00e8s vari\u00e9s de la cuisine, la p\u00e2tisserie, de l&rsquo; h\u00f4tellerie , de la r\u00e9ception, du tourisme , voire du luxe .<\/p>\n<p>Du niveau IV jusqu&rsquo;au niveau I, les cursus en restauration et h\u00f4tellerie sont diverses et vari\u00e9es : il peut s&rsquo;agir de cursus longs, mais une grande partie des formations propos\u00e9es sont courtes et professionnalisantes.<\/p>\n<p>G\u00e9n\u00e9ralement, les \u00e9tudes en HRT proposent un enseignement qui se divise en une partie th\u00e9orique et une autre ax\u00e9e sur la pratique professionnelle.<br \/>\nSecteurs difficiles, mais pourvoyeurs d&#8217;emploi, les secteurs de la cuisine, de la patisserie, de l&rsquo;h\u00f4tellerie et du Tourisme sont constitu\u00e9s d&rsquo;une tr\u00e8s grande vari\u00e9t\u00e9 de m\u00e9tiers.[\/vc_column_text][vc_row_inner][vc_column_inner width=\u00a0\u00bb1\/2&Prime;]<div class=\"thim-widget-icon-box\"><div class=\"wrapper-box-icon has_custom_image text-center  \"  ><div class=\"smicon-box iconbox-top\"><div class=\"boxes-icon\" ><a class=\"icon-box-link\" target=\"_self\" href=\"#\" ><span class=\"inner-icon\"><span class=\"icon icon-images\"><img loading=\"lazy\" decoding=\"async\" src=\"https:\/\/www.cfpml-benin.com\/wp-content\/uploads\/2020\/04\/images-1.png\" alt=\"images-1\" title=\"images-1\"  width=\"225\" height=\"225\"><\/span><\/span><\/a><\/div><div class=\"content-inner\" ><div class=\"sc-heading article_heading\"><h3 class = \"heading__primary\" ><a class=\"icon-box-link\" target=\"_self\" href=\"#\" >Tourisme et Billetterie Amadeus TAB<\/a><\/h3><\/div><div class=\"desc-icon-box\"><div class=\"desc-content\" ><a class=\"icon-box-link\" target=\"_self\" href=\"#\" >Guidage touristique, Anglais touristique, Amadeus, G\u00e9ographie a\u00e9rienne,Billetterie, Droit a\u00e9rien<\/a><\/div><\/div><\/div><\/div><!--end smicon-box--><\/div><\/div>[vc_btn title=\u00a0\u00bb250 000 Fcfa\u00a0\u00bb color=\u00a0\u00bbprimary\u00a0\u00bb size=\u00a0\u00bblg\u00a0\u00bb align=\u00a0\u00bbcenter\u00a0\u00bb button_block=\u00a0\u00bbtrue\u00a0\u00bb][\/vc_column_inner][vc_column_inner width=\u00a0\u00bb1\/2&Prime;]<div class=\"thim-widget-icon-box\"><div class=\"wrapper-box-icon has_custom_image text-center  \"  ><div class=\"smicon-box iconbox-top\"><div class=\"boxes-icon\" ><a class=\"icon-box-link\" target=\"_self\" href=\"#\" ><span class=\"inner-icon\"><span class=\"icon icon-images\"><img loading=\"lazy\" decoding=\"async\" src=\"https:\/\/www.cfpml-benin.com\/wp-content\/uploads\/2020\/04\/1587caa0-79d8-49ff-889b-334838800f2e.jpg\" alt=\"1587caa0-79d8-49ff-889b-334838800f2e\" title=\"1587caa0-79d8-49ff-889b-334838800f2e\"  width=\"400\" height=\"267\"><\/span><\/span><\/a><\/div><div class=\"content-inner\" ><div class=\"sc-heading article_heading\"><h3 class = \"heading__primary\" ><a class=\"icon-box-link\" target=\"_self\" href=\"#\" >H\u00f4tellerie Restauration et D\u00e9coration HRD<\/a><\/h3><\/div><div class=\"desc-icon-box\"><div class=\"desc-content\" ><a class=\"icon-box-link\" target=\"_self\" href=\"#\" >Cuisine, Patisserie, Bar, Restauration, Language Culinaire, Hygi\u00e8ne et Nutrition, Outils et appareils<\/a><\/div><\/div><\/div><\/div><!--end smicon-box--><\/div><\/div>[vc_btn title=\u00a0\u00bb200 000 Fcfa\u00a0\u00bb color=\u00a0\u00bbprimary\u00a0\u00bb size=\u00a0\u00bblg\u00a0\u00bb align=\u00a0\u00bbcenter\u00a0\u00bb button_block=\u00a0\u00bbtrue\u00a0\u00bb][\/vc_column_inner][\/vc_row_inner][\/vc_column][\/vc_row]<\/p>\n","protected":false},"excerpt":{"rendered":"<p>[vc_row css_animation=\u00a0\u00bbfadeIn\u00a0\u00bb css=\u00a0\u00bb.vc_custom_1585846575546{padding-top: 30px !important;}\u00a0\u00bb][vc_column][vc_column_text]Les formations d&rsquo;h\u00f4tellerie et restauration permettent de se pr\u00e9parer \u00e0 un ensemble de m\u00e9tiers dans les domaines tr\u00e8s vari\u00e9s de la cuisine, la p\u00e2tisserie, de l&rsquo; h\u00f4tellerie , de la r\u00e9ception, du tourisme , voire du &hellip; <\/p>\n","protected":false},"author":1,"featured_media":7009,"parent":0,"menu_order":0,"comment_status":"closed","ping_status":"closed","template":"","meta":{"_bbp_topic_count":0,"_bbp_reply_count":0,"_bbp_total_topic_count":0,"_bbp_total_reply_count":0,"_bbp_voice_count":0,"_bbp_anonymous_reply_count":0,"_bbp_topic_count_hidden":0,"_bbp_reply_count_hidden":0,"_bbp_forum_subforum_count":0,"footnotes":""},"class_list":["post-6712","page","type-page","status-publish","has-post-thumbnail","hentry"],"aioseo_notices":[],"_links":{"self":[{"href":"https:\/\/www.cfpml-benin.com\/index.php?rest_route=\/wp\/v2\/pages\/6712","targetHints":{"allow":["GET"]}}],"collection":[{"href":"https:\/\/www.cfpml-benin.com\/index.php?rest_route=\/wp\/v2\/pages"}],"about":[{"href":"https:\/\/www.cfpml-benin.com\/index.php?rest_route=\/wp\/v2\/types\/page"}],"author":[{"embeddable":true,"href":"https:\/\/www.cfpml-benin.com\/index.php?rest_route=\/wp\/v2\/users\/1"}],"replies":[{"embeddable":true,"href":"https:\/\/www.cfpml-benin.com\/index.php?rest_route=%2Fwp%2Fv2%2Fcomments&post=6712"}],"version-history":[{"count":9,"href":"https:\/\/www.cfpml-benin.com\/index.php?rest_route=\/wp\/v2\/pages\/6712\/revisions"}],"predecessor-version":[{"id":6972,"href":"https:\/\/www.cfpml-benin.com\/index.php?rest_route=\/wp\/v2\/pages\/6712\/revisions\/6972"}],"wp:featuredmedia":[{"embeddable":true,"href":"https:\/\/www.cfpml-benin.com\/index.php?rest_route=\/wp\/v2\/media\/7009"}],"wp:attachment":[{"href":"https:\/\/www.cfpml-benin.com\/index.php?rest_route=%2Fwp%2Fv2%2Fmedia&parent=6712"}],"curies":[{"name":"wp","href":"https:\/\/api.w.org\/{rel}","templated":true}]}}